e 16) to base 4.
121
What is -3 (base 15) in base 6?
-3
Convert 3 (base 4) to base 12.
3
Convert 11 (base 9) to base 4.
22
Convert 5 (base 8) to base 10.
5
30 (base 5) to base 15
10
What is 10101 (base 2) in base 15?
16
What is 212 (base 3) in base 16?
17
What is -3 (base 7) in base 16?
-3
What is 100 (base 3) in base 13?
9
Convert 25 (base 9) to base 7.
32
-3 (base 9) to base 10
-3
18 (base 12) to base 8
24
1 (base 8) to base 4
1
What is -100 (base 5) in base 10?
-25
What is -2c (base 16) in base 15?
-2e
-4a (base 12) to base 2
-111010
10 (base 5) to base 14
5
Convert 61 (base 7) to base 4.
223
What is -5 (base 14) in base 5?
-10
What is -8 (base 14) in base 16?
-8
15 (base 7) to base 14
c
20 (base 10) to base 16
14
What is 2a (base 14) in base 15?
28
Convert -101 (base 4) to base 7.
-23
What is -10 (base 3) in base 2?
-11
0 (base 10) to base 14
0
What is 3 (base 4) in base 11?
3
16 (base 9) to base 4
33
Convert -11 (base 3) to base 14.
-4
Convert -a2 (base 12) to base 10.
-122
-36 (base 11) to base 3
-1110
-20 (base 8) to base 3
-121
Convert 1212 (base 3) to base 8.
62
1 (base 8) to base 14
1
Convert -120 (base 3) to base 8.
-17
What is -8 (base 11) in base 6?
-12
-7 (base 16) to base 3
-21
What is -12 (base 14) in base 7?
-22
What is 122 (base 4) in base 2?
11010
What is 2 (base 10) in base 12?
2
Convert -1 (base 4) to base 2.
-1
Convert -11011 (base 2) to base 16.
-1b
-c9 (base 15) to base 12
-139
Convert -44 (base 15) to base 14.
-48
What is 4a (base 16) in base 10?
74
-1001100 (base 2) to base 15
-51
Convert 1 (base 14) to base 15.
1
What is 310 (base 4) in base 3?
1221
-da (base 14) to base 7
-363
Convert 56 (base 9) to base 11.
47
2022 (base 5) to base 6
1114
Convert 1111101 (base 2) to base 14.
8d
What is 5 (base 10) in base 13?
5
-2 (base 7) to base 2
-10
What is 1 (base 8) in base 4?
1
-1123 (base 4) to base 16
-5b
Convert 3 (base 13) to base 10.
3
What is 101 (base 4) in base 15?
12
2 (base 15) to base 7
2
What is 246 (base 12) in base 16?
156
What is 6 (base 9) in base 12?
6
What is 79 (base 16) in base 13?
94
-10 (base 9) to base 6
-13
83 (base 9) to base 4
1023
What is -15 (base 10) in base 7?
-21
Convert -26 (base 16) to base 9.
-42
Convert -113 (base 8) to base 13.
-5a
What is -124 (base 5) in base 9?
-43
What is -1 (base 12) in base 16?
-1
-2 (base 16) to base 11
-2
What is -1311 (base 4) in base 14?
-85
What is 0 (base 9) in base 14?
0
8d (base 15) to base 11
111
What is -10 (base 4) in base 2?
-100
What is 11 (base 15) in base 6?
24
1032 (base 4) to base 3
2220
Convert 1102 (base 3) to base 12.
32
What is -33 (base 5) in base 8?
-22
155 (base 6) to base 11
65
-231 (base 6) to base 14
-67
Convert 126 (base 7) to base 3.
2120
-130 (base 7) to base 8
-106
Convert -4 (base 7) to base 14.
-4
db (base 14) to base 15
cd
What is 12 (base 3) in base 12?
5
What is 119 (base 10) in base 16?
77
45 (base 7) to base 16
21
2a (base 12) to base 15
24
What is 43 (base 6) in base 9?
30
Convert -15 (base 10) to base 12.
-13
Convert 0 (base 15) to base 12.
0
What is -4 (base 6) in base 14?
-4
Convert 10 (base 2) to base 4.
2
15 (base 9) to base 11
13
Convert 12 (base 16) to base 12.
16
Convert -3 (base 5) to base 6.
-3
What is 312 (base 7) in base 15?
a6
10 (base 5) to base 9
5
Convert -23 (base 12) to base 4.
-123
2 (base 4) to base 16
2
Convert 106 (base 15) to base 10.
231
-4 (base 5) to base 7
-4
11 (base 4) to base 5
10
Convert 235 (base 6) to base 3.
10112
Convert -340 (base 5) to base 11.
-87
What is -27 (base 11) in base 13?
-23
Convert -14 (base 10) to base 9.
-15
Convert 15 (base 7) to base 8.
14
Convert 7 (base 12) to base 8.
7
Convert -1000100 (base 2) to base 5.
-233
What is 3 (base 9) in base 4?
3
12 (base 4) to base 16
6
Convert -97 (base 12) to base 13.
-8b
Convert -11112 (base 3) to base 5.
-442
What is 31 (base 4) in base 8?
15
Convert -b (base 16) to base 15.
-b
-9 (base 12) to base 5
-14
Convert 344 (base 9) to base 5.
2113
-3d (base 16) to base 5
-221
Convert 11 (base 5) to base 11.
6
Convert -16a (base 14) to base 2.
-100100010
Convert -22 (base 6) to base 2.
-1110
What is -23 (base 6) in base 9?
-16
Convert -210 (base 4) to base 15.
-26
Convert -1011 (base 2) to base 5.
-21
3 (base 4) to base 16
3
What is 3 (base 8) in base 4?
3
What is -20 (base 4) in base 3?
-22
Convert -1 (base 7) to base 14.
-1
Convert 21 (base 5) to base 16.
b
Convert 1 (base 16) to base 5.
1
Convert -11010 (base 3) to base 4.
-1233
What is 1c (base 14) in base 6?
42
Convert 8 (base 16) to base 14.
8
Convert -1012 (base 3) to base 7.
-44
Convert 19 (base 13) to base 7.
31
Convert 45 (base 7) to base 8.
41
What is 177 (base 14) in base 11?
254
What is -5 (base 9) in base 5?
-10
-11 (base 3) to base 14
-4
Convert 4b (base 14) to base 8.
103
0 (base 14) to base 11
0
Convert -2 (base 15) to base 2.
-10
What is 39 (base 13) in base 3?
1210
Convert 2b (base 13) to base 5.
122
What is -124 (base 5) in base 15?
-29
What is 1 (base 14) in base 7?
1
Convert -100110 (base 2) to base 14.
-2a
What is 4 (base 5) in base 4?
10
6 (base 13) to base 9
6
Convert 2c (base 16) to base 8.
54
Convert -3 (base 7) to base 6.
-3
Convert -2 (base 14) to base 15.
-2
11 (base 5) to base 4
12
Convert 242 (base 6) to base 2.
1100010
Convert -12 (base 3) to base 6.
-5
12 (base 16) to base 11
17
a (base 12) to base 5
20
-60 (base 11) to base 6
-150
What is 1000 (base 2) in base 11?
8
What is 1b (base 12) in base 11?
21
Convert -105 (base 7) to base 3.
-2000
Convert 1b (base 13) to base 14.
1a
What is 1 (base 8) in base 16?
1
What is -42 (base 9) in base 10?
-38
What is 29 (base 12) in base 16?
21
Convert 3 (base 4) to base 7.
3
-211 (base 4) to base 10
-37
-16 (base 8) to base 5
-24
Convert -140 (base 5) to base 2.
-101101
Convert -3203 (base 4) to base 7.
-443
What is -3 (base 8) in base 13?
-3
What is 0 (base 13) in base 15?
0
What is -90 (base 11) in base 3?
-10200
What is -2 (base 12) in base 4?
-2
3 (base 8) to base 12
3
100 (base 2) to base 12
4
0 (base 3) to base 16
0
Convert 1010 (base 3) to base 4.
132
What is -35 (base 11) in base 4?
-212
13 (base 5) to base 12
8
What is 4 (base 16) in base 11?
4
What is 36 (base 9) in base 4?
201
-a (base 15) to base 12
-a
What is -332 (base 6) in base 11?
-107
100 (base 5) to base 14
1b
Convert -222 (base 7) to base 5.
-424
-6 (base 11) to base 8
-6
Convert 0 (base 5) to base 10.
0
Convert -3b (base 15) to base 13.
-44
1335 (base 6) to base 15
182
Convert 5 (base 15) to base 9.
5
What is -5 (base 14) in base 10?
-5
Convert -231 (base 4) to base 3.
-1200
Convert -143 (base 7) to base 14.
-5a
b (base 12) to base 4
23
Convert -156 (base 15) to base 8.
-462
Convert -26 (base 7) to base 11.
-19
Convert -1b (base 16) to base 14.
-1d
What is b (base 13) in base 4?
23
Convert d1 (base 15) to base 4.
3010
Convert -14 (base 7) to base 11.
-10
305 (base 9) to base 12
188
What is -304 (base 5) in base 8?
-117
Convert 23 (base 8) to base 4.
103
315 (base 7) to base 16
9f
Convert 14 (base 13) to base 2.
10001
2 (base 6) to base 14
2
-1 (base 7) to base 14
-1
What is -19 (base 13) in base 5?
-42
-2 (base 13) to base 11
-2
-8d (base 15) to base 2
-10000101
4 (base 5) to base 4
10
Convert -13 (base 4) to base 7.
-10
What is -15 (base 7) in base 9?
-13
What is 233 (base 6) in base 3?
10110
Convert -204 (base 10) to base 14.
-108
Convert -51 (base 14) to base 11.
-65
What is 10 (base 5) in base 15?
5
What is -4 (base 11) in base 9?
-4
What is 115 (base 12) in base 15?
ab
Convert 66 (base 7) to base 9.
53
Convert -1 (base 13) to base 15.
-1
Convert -10 (base 10) to base 6.
-14
What is 4 (base 6) in base 13?
4
Convert -33 (base 8) to base 10.
-27
What is -134 (base 6) in base 7?
-112
What is -18 (base 11) in base 16?
-13
Convert -203 (base 10) to base 14.
-107
10 (base 5) to base 14
5
Convert 30 (base 5) to base 3.
120
What is -12 (base 3) in base 9?
-5
Convert -22 (base 8) to base 5.
-33
3 (base 13) to base 11
3
Convert 12002 (base 3) to base 13.
a7
423 (base 7) to base 14
113
Convert 85 (base 10) to base 5.
320
Convert 33 (base 4) to base 2.
1111
Convert 100111 (base 2) to base 7.
54
Convert -10001 (base 2) to base 13.
-14
-3a (base 11) to base 2
-101011
Convert a3 (base 12) to base 11.
102
25 (base 16) to base 7
52
131 (base 10) to base 8
203
-101 (